 h(m).
0
Let i(o) = -o**3 + 3*o**2 + 6*o - 3. Suppose -3*b + 5*w = 13, -5*b + 0*w + 5*w = 5. Determine i(b).
5
Let x(c) = -c**2 - 6*c + 1. Let s = -127 + 121. Calculate x(s).
1
Let m(x) = 7*x**3 - x**2 - 4*x. Let i(v) = -3*v + 7*v**2 + 5*v + 2*v - 6*v**2 - 6*v**3. Let r(s) = -6*i(s) - 5*m(s). What is r(3)?
6
Let s be (-4)/4*3 - 5. Let g be 24/s + (-1 - 0). Let r(m) = m**2 + 0*m**2 + 2 + 4*m + 2. What is r(g)?
4
Let s(t) be the third derivative of t**5/30 + t**4/24 + t**3/6 + 16*t**2. Give s(-1).
2
Let a(j) = 6 - 8 + j**2 + 0*j**2 - 3*j. Determine a(4).
2
Suppose 4*u - 12 = 5*u + 5*y, 4*u + 5*y + 3 = 0. Let n(s) = u + 4 + 2*s - 6. Determine n(-1).
-1
Let w = -8 + 3. Let t(n) be the second derivative of -n**7/840 - n**6/72 - 7*n**4/24 + n**3/6 + n. Let u(c) be the second derivative of t(c). What is u(w)?
-7
Let i(w) = 4 - w + 0*w**2 + 7*w - w**2. Give i(6).
4
Let z(l) be the first derivative of l**4/4 + 4*l**3/3 + l**2 + 4*l - 24. Determine z(-4).
-4
Let u(l) = l**2 + 10*l + 9. Let v(a) = 4*a**2 + 41*a + 36. Let i(j) = -9*u(j) + 2*v(j). Determine i(-6).
3
Suppose 0 = -3*l + 2 + 1. Let g(j) = 2 + l + 0*j - 3*j. What is g(2)?
-3
Suppose 4*c + 3 = 7. Let h(t) = 3*t - 4. Let y(v) = -v + 1. Let n(s) = c*h(s) + 5*y(s). Calculate n(-2).
5
Let r(y) = 0*y**3 + 3*y**3 + 27*y + 7 - 2*y**3 + 3*y**2 - 33*y. Calculate r(-5).
-13
Suppose h + 6 = 1. Let i(j) = 5*j + 7. Let k(m) = -2*m - 3. Let v(d) = 3*i(d) + 7*k(d). Calculate v(h).
-5
Let h = 76 + -80. Let t(m) be the second derivative of -m**3/6 - 3*m**2/2 - m. Determine t(h).
1
Let h = -11 + 14. Let b(n) = 9*n**2 - n + 12*n**3 - 2*n**2 - 6*n - 13*n**h - 3. Give b(6).
-9
Let a(j) be the second derivative of -j**5/4 - j**3/6 + j. Suppose w - 6 = 2*r - 0*w, -6 = -2*r - 2*w. Give a(r).
6
Suppose b = 4*v, -b - 2*v + 54 = 3*b. Suppose 4*s + b + 4 = 0. Let g(q) = -q**2 + q - 3. Let f(c) = c**2 + 3. Let k(z) = 4*f(z) + 3*g(z). Give k(s).
7
Let k(h) = 8*h**3 + 5*h**2 - 10*h - 8. Suppose 2*q + 28 = -2*q. Let v(g) = 7*g**3 + 4*g**2 - 9*g - 7. Let m(s) = q*v(s) + 6*k(s). Give m(3).
1
Suppose 6*s = s + 5*y - 225, 2*s + 90 = -5*y. Let f be (-22)/(-18) - (-10)/s. Let m(v) = -4 - v + f + 2. Give m(2).
-3
Let y(s) be the first derivative of -s**2 + 3*s + 29. Calculate y(3).
-3
Let q(r) be the second derivative of r**5/20 + 7*r**4/12 + 2*r**2 + 25*r - 1. Determine q(-7).
4
Let m(p) = -p**3 - 6*p**2 - 7*p - 7. Let c = 20 + -25. Calculate m(c).
3
Let t(x) be the second derivative of -x**4/12 + x**3 - 3*x**2 + 6*x. Give t(5).
-1
Let n(k) be the first derivative of k**4/6 + k**3/2 + 3*k**2/2 - k + 2. Let y(z) be the first derivative of n(z). Suppose 0 = 2*q - 4*q - 4. What is y(q)?
5
Let a(p) = p**2 + p - 2. Let s be (-14)/(-8) - (-10)/40. Give a(s).
4
Let c = 0 + -9. Let i = c + 13. Let t(d) = -d**2 - 5 - 3 + 4*d + 2. Give t(i).
-6
Let r(o) be the third derivative of o**3 + 0*o + 2*o**2 - 1/120*o**6 - 1/6*o**4 + 0 - 1/10*o**5. Calculate r(-5).
1
Let f(p) = p**2 - 3*p - 2. Let r be f(3). Let x(z) be the third derivative of z**5/60 - z**4/12 - z**3/3 - 3*z**2. Calculate x(r).
6
Let r(i) = -i - 4. Let d(l) = l**3 + 4*l**2 + 3*l - 3. Let y be d(-3). Calculate r(y).
-1
Let t(u) = u - 12. Suppose 1 = 4*o + 3*k - 29, 5*o - 38 = -4*k. Determine t(o).
-6
Let o(n) = n**3 + n**2 + 6. Let u be (-7)/(-28) + (-66)/8. Let g(r) = -r - 8. Let d be g(u). Calculate o(d).
6
Let q(w) = -2*w + 1 + 0*w + 0*w + 3*w. What is q(0)?
1
Let a(i) = 2*i**2 - i - 1. Suppose 8*x - 3*x = 10. Determine a(x).
5
Let u(i) = -2*i**2 + 24 - 10 - i**3 - 10 + 2*i - 7. Determine u(-4).
21
Let o(s) = 2*s**3 - 3*s**2 + 2*s - 3. Suppose 7*g = 2*g. Suppose -4*m = -3*n + 5 + 1, -5*n + 5*m = -5. Let w = g - n. What is o(w)?
5
Suppose 2*n + 4 = a + 8, -12 = -a - 2*n. Let j(y) = -5*y + 1. Let h(g) = g. Let o(r) = -3*h(r) - j(r). What is o(a)?
7
Let p(z) = -z**3 - 5*z**2 - z - 6. Let t be (-8)/40 - (-22)/10. Let j = t - 7. What is p(j)?
-1
Suppose 0 = 3*s + 3*i - 9, -i - 12 = -4*s - 3*i. Let g(b) be the third derivative of -1/60*b**5 - s*b**2 + 2/3*b**3 + 0*b + 1/4*b**4 + 0. What is g(5)?
9
Suppose -k - 4 = -3*o + 9, -3*k = -2*o + 18. Let v(a) = 3*a - 13 + 3 + o*a - 5*a. Calculate v(5).
-5
Let w(m) = -m**2 + m. Let p(o) = o**3 + 10*o + 5. Let h(q) = -p(q) + 4*w(q). Determine h(-4).
19
Let d be (-4)/(-6)*(-126)/(-28). Let r(f) = -2*f**2 - 4*f**2 + 2 + 5*f - 7 + f**d. Give r(5).
-5
Let c = 3 + 0. Let o(y) = 3*y - 2. Let f be o(1). Let r(w) = -3*w**2 - f + 8*w**2 + w**c - 2*w + 2*w. Determine r(-5).
-1
Let p(q) = q**3 - 8*q**2 - q + 7. Suppose 0*t = -2*t + 16. Let h be p(t). Let s(k) = 3*k - 1. Let n(j) = 4*j - 2. Let x(w) = 2*n(w) - 3*s(w). Calculate x(h).
0
Let t(k) = 3*k - k + 91 - 87. Let l(o) = -11*o - 9. Let n(q) = 17*q + 13. Let x(g) = 8*l(g) + 5*n(g). Let j(w) = -5*t(w) - 3*x(w). What is j(3)?
-2
Let g(z) be the first derivative of z**3 - z - 3 + 1/4*z**4 - 2*z**2. Determine g(-3).
11
Suppose 4*s + 28 = -2*c, 3*c - 2*s + 15 - 5 = 0. Let x(o) = -o - 4. Determine x(c).
2
Suppose t - 22 + 17 = 0. Let v(u) = u**2 - 6*u + 6. Determine v(t).
1
Suppose 2*z + 4*x + 8 = 6*x, 10 = -4*z - 2*x. Let a(j) be the first derivative of j**2/2 + 5*j - 5. Calculate a(z).
2
Let d(k) be the third derivative of 2*k**5/15 - k**3/6 + k**2. Suppose -21 = -g + 4*q, 4 - 19 = 5*g + 4*q. Determine d(g).
7
Let s(c) = -1 + 5 - 3 - 5*c. Let b be (-16)/28 + (-176)/(-14). Let n = b + -11. Calculate s(n).
-4
Let d(i) = -i**3 + i**2 + i + 1. Let y = -6 - -10. Let r(g) = 5*g**3 - 11*g**2 + 3*g - 11. Let m(a) = y*d(a) + r(a). What is m(6)?
-1
Let v(m) = 2 - 4*m + m**3 + 27*m**2 - m - 30*m**2. Calculate v(5).
27
Let p = 24 + -21. Suppose -r - 2*r = -27. Let b = p - r. Let x(w) = -w**3 - 6*w**2 - 1. Determine x(b).
-1
Let d(x) be the first derivative of x**3/3 + x**2/2 - x - 1. Let k(m) = 5*m**3 - 3*m**2 - 2*m + 2. Let z(w) = 2*d(w) + k(w). Let o be 1 + 0/(6/(-2)). Give z(o).
4
Let j(k) = k**2 + 9*k + 1. Let c(q) be the second derivative of q**3/6 - 3*q. Let b(a) = -4*c(a) + j(a). What is b(-2)?
-5
Let z be -1 + (-1 + 2 - -5). Suppose x = q - 0 + z, -6 = -2*x. Let v(p) = -p**3 - 4*p**2 - 4*p - 3. Determine v(q).
-3
Let i(j) = -j**3 + 2*j**2 + j + 3. Suppose 4*k = -4*h - 5 + 1, 0 = 3*k - h - 13. Give i(k).
-3
Suppose 2*r = -4 - 0. Let p be 6/4 + 11/r. Let i(m) = m - 5 + 0 + 0*m. What is i(p)?
-9
Let x(d) = d**2 + 3*d - 2. Let z be x(-4). Let m(g) = -6*g - g**2 + 2*g**2 + z + 2 - 2. Give m(4).
-6
Suppose -4*u = -7*u + 9. Let y(h) be the third derivative of 0 + 2*h**2 - 1/24*h**4 + 0*h - 1/2*h**u. Calculate y(4).
-7
Let n(o) = 2*o**3 - o**2 - o - 1. Let f(v) = 2*v**2 + 5*v - 4. Let w be f(-3). Give n(w).
-3
Let a(i) = -i**2 + i + 0*i**3 + 3 + 4*i**2 + 0*i**2 + i**3. Determine a(-3).
0
Let d(u) = 2*u. Let h be -1 + 14/4 + (-6)/4. Determine d(h).
2
Let f(l) = -2*l**2 - 3*l**2 - 1 + 4*l**2 - 4*l. Let m be f(-4). Let s(u) = 5*u**3 - 2*u - 1. Determine s(m).
-4
Let k(m) = 2 + 9*m**3 - 2*m**2 + 4*m**2 - 10*m**3 - 4*m. Determine k(2).
-6
Let b(x) = 6*x + 2*x + 0*x + 1. Let g(v) = v**3 - 10*v**2 + v - 9. Let t be g(10). Give b(t).
9
Let o(f) = -54 - f**2 + 6*f + 115 - 63. Determine o(5).
3
Let v(r) be the third derivative of 0*r - 2*r**2 - 1/120*r**6 + 0 - 1/15*r**5 + 1/6*r**3 + 0*r**4. What is v(-4)?
1
Let k(d) = 2*d + 10. Let q(f) = f. Let l(j) = -k(j) + q(j). Determine l(-7).
-3
Let v(t) = t**3 - 2*t**2 + t - 2. Let h be v(0). Let s(u) = -4*u**2 - u. What is s(h)?
-14
Let l(b) = -9*b - 1. Suppose 4*o - 6 = 5*o. Let a(s) = s. Let x(i) = o*a(i) - l(i). Determine x(2).
7
Let v(c) = -2*c**2 + c. Let k(u) = -5*u**2 + 6*u - 6. Let n(a) = k(a) - 2*v(a). Give n(5).
-11
Let y(m) be the third derivative of 0*m + 1/12*m**4 - 1/120*m**6 + 0 - 2/3*m**3 + 1/15*m**5 + 3*m**2. Let b be 13/3 - (-3)/(-9). Give y(b).
4
Let s(h) be the third derivative of -h**6/120 - h**4/24 + h**3/6 - 5*h**2. Let v be 2/(4/3)*2. Suppose -2*g - v*g + 5 = 0. Determine s(g).
-1
Let u(j) = -j + 3. Let o(h) = -h**3 - 11*h**2 + 6. Let g = -21 - -10. Let s be o(g). Let w be s + (3 - 12/2). Give u(w).
0
Suppose 4*s = 3*m - 36, 4*m + 6*s = 2*s + 76. Suppose 12 = 3*f + 5*j - m, 2*f + 4*j = 22. Let x = f - -1. Let q(o) = 3*o - 1. Give q(x).
5
Let d = -4 - -6. Let h(m) = -m**3 - 1. Let k(v) = -v**3 - 3*v**2 + 4*v - 4. Let c(j) = 2*h(j) - k(j). Give c(d).
-2
Let o(x